s 82663573 a composite number?
False
Is 73312639 composite?
True
Is 173009523 prime?
False
Is 48809063 prime?
False
Is 397073 prime?
True
Is 176168999 a composite number?
False
Is 3527369 composite?
True
Is 402907891 composite?
False
Is 4390882 prime?
False
Is 116859961 composite?
False
Is 1030787 a prime number?
True
Is 13588109 a composite number?
False
Is 75593927 composite?
True
Is 459576431 a prime number?
True
Is 37246613 prime?
False
Is 7375751 a composite number?
False
Is 767509 composite?
False
Is 148954031 composite?
True
Is 49257889 composite?
False
Is 60654431 composite?
False
Is 8540281 a prime number?
True
Is 17970091 composite?
True
Is 34431151 a prime number?
True
Is 38500849 a prime number?
False
Is 12510871 a composite number?
False
Is 17829511 a composite number?
True
Is 6143097 composite?
True
Is 113706323 a prime number?
False
Is 4931531 a composite number?
True
Is 40371031 a composite number?
True
Is 13877597 a composite number?
False
Is 1805443 prime?
False
Is 4218329 a prime number?
False
Is 314615489 prime?
False
Is 2772529 a prime number?
True
Is 3181819 a composite number?
True
Is 2056919 a composite number?
False
Is 28729909 prime?
False
Is 588469163 composite?
False
Is 29078333 a composite number?
False
Is 91685137 a composite number?
True
Is 2400221 a prime number?
True
Is 7495271 a prime number?
False
Is 4906669 prime?
False
Is 745673 composite?
False
Is 238275974 composite?
True
Is 15431001 a composite number?
True
Is 570213331 composite?
True
Is 501931 prime?
True
Is 702913 a prime number?
True
Is 5291711 a composite number?
False
Is 254287211 a prime number?
True
Is 10108723 a prime number?
True
Is 3395798491 prime?
True
Is 2588711 a composite number?
False
Is 12444977 prime?
False
Is 311069929 composite?
False
Is 3668359 a prime number?
True
Is 1392979669 a prime number?
True
Is 66080041 prime?
True
Is 1005129547 prime?
True
Is 8681279 prime?
False
Is 27551191 a composite number?
False
Is 47055881 prime?
False
Is 79486847 composite?
True
Is 919003523 a composite number?
False
Is 680741 composite?
True
Is 184978289 composite?
True
Is 9650983 a composite number?
False
Is 4384129 a prime number?
True
Is 10065713 composite?
True
Is 167968187 a prime number?
False
Is 29947 a prime number?
True
Is 72853003 a composite number?
False
Is 14159251 composite?
False
Is 2050211 a composite number?
False
Is 17635831 composite?
False
Is 1432499 composite?
True
Is 168971089 composite?
True
Is 1161079 composite?
True
Is 17517371 a prime number?
True
Is 50978887 a prime number?
True
Is 1941923 a composite number?
True
Is 63438491 prime?
True
Is 12862529 a prime number?
False
Is 551248879 prime?
True
Is 5888873 a prime number?
True
Is 8788111 a composite number?
True
Is 45361319 a prime number?
True
Is 5931637 composite?
False
Is 143645343 composite?
True
Is 472663 a composite number?
True
Is 1618079 a composite number?
False
Is 943903 prime?
True
Is 4866517 composite?
False
Is 6937913 composite?
False
Is 20876161 a prime number?
False
Is 22131857 a prime number?
False
Is 15778469 composite?
True
Is 1701589 a composite number?
False
Is 7657253 a prime number?
True
Is 31722473 prime?
True
Is 1868561 a prime number?
True
Is 284340803 prime?
True
Is 367778543 composite?
True
Is 69580391 composite?
True
Is 7885307 a composite number?
False
Is 2624599 composite?
True
Is 1421543 a prime number?
True
Is 7507481 prime?
True
Is 924907 composite?
False
Is 495515 composite?
True
Is 21614797 a composite number?
False
Is 1550113 prime?
False
Is 67653551 a prime number?
False
Is 2061361 a composite number?
False
Is 8739583 a prime number?
True
Is 139501 a composite number?
False
Is 10092727 composite?
True
Is 99073371 prime?
False
Is 4344041 a composite number?
True
Is 5291942 prime?
False
Is 164471 a prime number?
True
Is 56011199 a prime number?
True
Is 11672227 composite?
True
Is 285504407 a prime number?
True
Is 55625131 a composite number?
False
Is 16573195 a composite number?
True
Is 7769921 composite?
True
Is 17442121 a composite number?
False
Is 780907 prime?
False
Is 333958186 prime?
False
Is 542207 a prime number?
True
Is 1999957 prime?
True
Is 8857351 a prime number?
False
Is 252345747 prime?
False
Is 999227 a prime number?
False
Is 249436711 a prime number?
False
Is 63646507 prime?
False
Is 3817015 composite?
True
Is 9683599 a prime number?
True
Is 3706861 prime?
True
Is 5833537 a prime number?
True
Is 10001905 prime?
False
Is 763916069 a prime number?
False
Is 9401771 a composite number?
True
Is 591195907 composite?
False
Is 22218373 a composite number?
False
Is 2184878093 a prime number?
True
Is 39874057 a composite number?
False
Is 1322641 prime?
True
Is 19244633 a composite number?
True
Is 85046527 composite?
True
Is 45427589 a composite number?
False
Is 40591007 a prime number?
True
Is 20528437 a prime number?
False
Is 840211 a composite number?
True
Is 42264863 a composite number?
False
Is 79830307 composite?
True
Is 3632141 a composite number?
False
Is 1967531 composite?
True
Is 1535069 prime?
True
Is 88487743 prime?
False
Is 12247637 composite?
False
Is 18663461 prime?
True
Is 701560433 a prime number?
False
Is 37736581 a prime number?
True
Is 63552563 a composite number?
False
Is 2224591 a composite number?
True
Is 2322011 a prime number?
False
Is 135294931 a composite number?
True
Is 1500013 a prime number?
False
Is 8748461 prime?
False
Is 6688339 prime?
False
Is 10810573 a composite number?
True
Is 53047933 a prime number?
True
Is 26293517 a prime number?
False
Is 151167217 prime?
True
Is 8558749 composite?
False
Is 8439947 a composite number?
False
Is 25500611 a composite number?
False
Is 32555167 a prime number?
False
Is 4638677 composite?
False
Is 86194711 prime?
True
Is 83470993 a prime number?
True
Is 159093461 a prime number?
False
Is 12765887 a prime number?
False
Is 60186353 composite?
False
Is 2721499 composite?
True
Is 2506574365 composite?
True
Is 330725741 a prime number?
True
Is 242197 prime?
True
Is 2605543 a composite number?
False
Is 9112991 a prime number?
False
Is 54261913 a prime number?
True
Is 214294919 prime?
True
Is 28815569 composite?
False
Is 308203711 a prime number?
True
Is 283107787 a composite number?
False
Is 332573747 prime?
False
Is 18750821 a prime number?
False
Is 402387 prime?
False
Is 428957 a prime number?
True
Is 1370723 a composite number?
False
Is 58432343 prime?
True
Is 10173301 composite?
True
Is 294206513 prime?
True
Is 3177871 a prime number?
False
Is 322121 a prime number?
False
Is 3561407 composite?
False
Is 4574587 composite?
False
Is 1374929 a prime number?
True
Is 1966331 prime?
True
Is 2213737 prime?
False
Is 2210669 composite?
True
Is 2266277 a composite number?
True
Is 17989319 composite?
False
Is 2004209 composite?
False
Is 11498839 composite?
True
Is 2152153 a prime number?
True
Is 4557517 composite?
True
Is 3132681 composite?
True
Is 36291769 prime?
False
Is 5406343 a prime number?
True
Is 196737 prime?
False
Is 12919663 prime?
False
Is 123274579 prime?
True
Is 514316989 a prime number?
False
Is 7544977 composite?
True
Is 294333097 a prime number?
False
Is 3637729 composite?
True
Is 50576063 prime?
False
Is 1557469 a composite number?
False
Is 5818021 a composite number?
True
Is 51383767 composite?
True
Is 132057347 a composite number?
False
Is 2205823 a prime number?
True
Is 13131119 a prime number?
False
Is 163083229 composite?
False
Is 11458585 composite?
True
Is 343672937 prime?
False
Is 431797 prime?
True
Is 655703 a composite number?
True
Is 82273507 composite?
True
Is 557220921 a prime number?
False
Is 14703901 prime?
True
Is 41310419 prime?
False
Is 1082554783 a composite number?
False
Is 2198901 composite?
True
Is 3028411 a composite number?
True
Is 30214267 a prime number?
True
Is 4744633 prime?
False
Is 9183563 prime?
False
Is 286055335 a composite number?
True
Is 13293041 composite?
True
Is 2358094 prime?
False
Is 82955363 composite?
True
Is 59506091 composite?
False
Is 115515271 prime?
True
Is 21146397 a composite number?
True
Is 1637443 prime?
False
Is 1888142 composite?
True
Is 3406303 a prime number?
True
Is 70097 a prime number?
False
Is 7170542 prime?
False
Is 108058045 a prime number?
False
Is 61219981 a composite number?
True
Is 8153329 com